10. Suppose -10*s = -24*s + 406. What is the greatest common divisor of s and b?
29
Let z(s) = 131*s**3 - s**2 - s - 1. Let f be z(-1). Let j be (-343)/6 + (-22)/f. Let i = -22 - j. Calculate the greatest common divisor of i and 5.
5
Let w be (-150)/(-4)*6/9. Suppose -a - 5*i + 25 = 0, 4*a - i - 4*i + w = 0. Let l be -12*(a - (-4)/(-8)). What is the highest common divisor of l and 12?
6
Suppose 44*u - 45178 = -3686. What is the highest common factor of 82 and u?
41
Let f = 38 + -36. Let o be -21*(f - 42/9). What is the greatest common divisor of 14 and o?
14
Let j be 0/(4 - (2 + 4)). Suppose j = 8*t - 4*t - 48. What is the greatest common factor of t and 36?
12
Suppose -m = -2*l - 0*m + 456, 0 = 4*l - 4*m - 920. Suppose 2*r - 7*r = -4*n - l, 2*n - 34 = -r. What is the greatest common factor of 14 and r?
14
Let i be (-4 - -6)/2 - -4. Suppose r - i*k = 1 - 13, 0 = 4*k - 12. Suppose -r*v - 6 + 1095 = 0. Calculate the highest common factor of v and 33.
33
Suppose -4*x + 173 = -3*w - 0*w, 5*x - 2*w - 211 = 0. Calculate the greatest common divisor of 287 and x.
41
Let h = -9 - -14. Let j(p) = 2*p**2 - 1. Let s be j(h). Calculate the greatest common factor of 7 and s.
7
Let a be (-42)/9*(2 - 5). Let y = a - 10. Suppose 0 = -4*l - f + 61, y*f - 10 - 10 = 0. Calculate the greatest common divisor of l and 14.
14
Let v(m) = -4*m + 13. Let x be v(2). Suppose 10 + 110 = x*f. What is the greatest common divisor of 60 and f?
12
Suppose 0 = 5*w - 664 + 244. Let b(r) = r**2 + 7*r. Let p be b(-8). Suppose 0 = -j + 4 + p. What is the greatest common factor of w and j?
12
Let w(m) = 1 + 5*m - 4*m - m**2 + 2*m**2. Let z(i) = 9*i**2 - 4*i - 5. Let q(f) = 4*w(f) + z(f). Let d be q(-1). Calculate the highest common factor of d and 6.
6
Let s be 314 - ((-68)/374 + 9/(-11)). What is the greatest common divisor of s and 140?
35
Suppose -195*b + 7728 = -111*b. What is the highest common divisor of b and 1081?
23
Suppose -3 = r, -r = -3*y + 4*r + 156. Let k = y + -27. Let a = 118 + -68. What is the highest common factor of k and a?
10
Let m be ((-4)/3 - 0)*-6. Let r be 590/25 + (-20)/(-350)*7. Calculate the highest common factor of m and r.
8
Suppose 6*k - k = 10. Suppose 4*x + 0*r - r + 86 = 0, -4*x - 3*r - 94 = 0. Let b = x + 36. Calculate the greatest common divisor of k and b.
2
Let s be 1 - (3 + -12 + 2). Let c be s/(-44) - (-664)/22. Suppose 4*m + 10 - 58 = 0. What is the greatest common factor of c and m?
6
Let l(y) = y**2 + y + 12. Let s be l(0). Suppose 5*r + 305 = 3*o, -5*o + 276 = -3*r - 259. Let a = 146 - o. What is the greatest common factor of a and s?
12
Let r be 987/(-14)*(-1 + 14/(-6)). What is the greatest common divisor of 94 and r?
47
Suppose 5*q - 4*q - 25 = -3*c, -q - c = -33. What is the greatest common factor of q and 259?
37
Let a be (-20)/32 + 1 - 1540/(-160). Suppose 3*s = -82 - 161. Let y be -3 + 2 + (0 - s). Calculate the highest common divisor of a and y.
10
Let y(t) = -t**3 - 11*t**2 - 21*t + 53. Let l be y(-5). Suppose -4*i - m = -3*m - 48, -5*i - 4*m = -60. Calculate the highest common divisor of i and l.
4
Suppose -219*f = -191*f - 56. Let l be 2/1 - 0/2. What is the greatest common divisor of f and l?
2
Suppose -3*a - 24*t + 465 = -21*t, 5*a - 3*t = 799. Calculate the greatest common divisor of a and 395.
79
Suppose 17*v + 7 = 24*v. What is the highest common divisor of v and 43?
1
Let o = 572 - 540. What is the highest common divisor of o and 928?
32
Suppose 43*y = 48*y - 275. Calculate the highest common divisor of y and 11.
11
Suppose -5*j + 4*z + 96 = 0, 8 = -0*z - 2*z. Let n = 9 + -12. Let w be -6 - -9 - n/(-3). What is the greatest common factor of j and w?
2
Suppose 0 = -2*d + 8 + 34. Suppose -5*u + d = -109. Suppose -3*a + 7*z - 3*z + 129 = 0, -2*a + 66 = 4*z. What is the greatest common factor of u and a?
13
Let u = -12 - -14. Let m be 1*(-3 + (57 - u)). Calculate the highest common factor of m and 78.
26
Suppose 4*f - 300 = 13*a - 17*a, -f + 2*a = -90. What is the highest common factor of f and 80?
80
Suppose 7 = -15*c + 1897. Calculate the greatest common divisor of 18 and c.
18
Let c(p) = -3*p**3 - 2*p**2 + 1. Let j be c(-1). Suppose 4*v + j = -2. Let u be (45/(-18))/(v/2). Calculate the greatest common divisor of u and 40.
5
Suppose 0 = -6*x + 3*x + 69. Let i = 34 - x. Let r be ((-66)/(-8))/(18/24)*2. Calculate the highest common factor of i and r.
11
Let k = -1 + 4. Suppose k*b - 40 = -z, -3*z - 2*z = 5*b - 250. Calculate the greatest common factor of 5 and z.
5
Let j(a) = a - 1. Let o be j(2). Let t be ((-3)/(-2))/(o/30). Let g be (-2 - -3)*-15*18/(-54). Calculate the greatest common factor of t and g.
5
Suppose 0 = 11*a + 281 - 1931. What is the greatest common divisor of 250 and a?
50
Let l = 14 - -12. Suppose 4*y + a - l = -5, y - 9 = -4*a. Let c be 175/(-7)*(-28)/y. What is the greatest common factor of c and 56?
28
Suppose 0 = -2*l + 4*o + 122, 0 = -33*l + 31*l + 5*o + 118. Calculate the greatest common divisor of 3381 and l.
69
Let k be 2/(-48)*-362 + (-25)/300. Calculate the greatest common factor of 15 and k.
15
Let l = -222 - -327. Let d(n) = 0*n - 12*n + 2 + 2*n - 3*n. Let h be d(-1). Calculate the greatest common factor of l and h.
15
Let b be (-3 - -1)*(-79)/2. Suppose -3*t + 114 = 9. Let k = b - t. What is the highest common divisor of k and 11?
11
Let a = 14 - 17. Let o be a + (-1)/((-2)/14). Suppose o*t = -0*t + 28. What is the highest common factor of 14 and t?
7
Let s be 5/(-2)*-1*(-4)/(-5). Let c(u) = 61*u - 2. Let l be c(s). What is the greatest common divisor of l and 24?
24
Suppose -7*p - 36 = -13*p. Suppose 4*k - p*k = -80. Suppose 2*g + 3 = 13. Calculate the highest common factor of g and k.
5
Suppose -4*d + 22 = o - 26, -3*o = -2*d - 74. Let f = 12 + 2. Calculate the greatest common factor of f and o.
14
Let z = -38 - -98. Suppose -55*l + 195 - 142 = -167. Calculate the highest common divisor of z and l.
4
Let r(g) = -3*g**2 - 15*g - 3. Let o be (-25)/(-40)*4*16/(-10). Let s be r(o). Calculate the greatest common factor of 117 and s.
9
Suppose 7*g + 16 - 2 = 0. Let p = -4 - -7. Let a = p + g. Calculate the greatest common divisor of 8 and a.
1
Let u = 320 - 159. Suppose u - 26 = 5*h. Calculate the highest common factor of 3 and h.
3
Suppose g - 3*a + 10 + 3 = 0, 0 = 2*g + a + 5. Let i be (g/(-2))/((-2)/3). Let l be (-207)/(-12) + i/12. Calculate the greatest common factor of 68 and l.
17
Let t = -76 + 98. Let s(q) = q**2 + 8*q + 8. Let r be s(-6). Let k be r/18 + 1988/36. Calculate the highest common factor of t and k.
11
Suppose -14*a = -35 - 21. What is the highest common factor of 32 and a?
4
Suppose a = 1 + 5. Suppose 120 = 2*h - a*h. Let r be h/(-3 - 0) - 0. What is the highest common divisor of r and 4?
2
Suppose 9*o - 108 = 6*o. Suppose 29 = -4*i + 77. Calculate the greatest common factor of i and o.
12
Suppose 217 = 5*q + 82. Let l = -4022 + 4049. What is the greatest common factor of q and l?
27
Let j be 0*3/12 + -53. Let a = j + 108. Calculate the greatest common factor of 22 and a.
11
Suppose 0 = 3*k - 3*i - 678, k + 702 = 4*k + 3*i. Suppose 0 = -3*b - m - 66 + k, 2*m = 2*b - 112. What is the greatest common factor of 5 and b?
5
Suppose -73 - 251 = -27*k. What is the greatest common divisor of 708 and k?
12
Suppose -3*d - d = 0. Suppose g - 22 - 36 = -4*i, -3*i + 5*g + 32 = d. Suppose -y = 3*y - 112. Calculate the greatest common factor of y and i.
14
Let m be 42 + (-6)/(-4)*24/(-18). What is the greatest common factor of m and 1000?
40
Suppose -2*d + 39 + 15 = 5*v, -3*d = -6. Suppose -l + 2*y = 2, 0 = -3*l - 2*l + 4*y + 8. Calculate the greatest common divisor of v and l.
2
Let s be 0 + 0/(-1) + 2. Suppose -4*v - 26 = -5*z, 2*z - 6*z + 28 = 4*v. Let x be z + -1 + (-3)/3. Calculate the greatest common divisor of x and s.
2
Let j = 12 + -9. Let y(x) = x**2 + 9*x + 8. Let r be y(-8). Suppose -3*s = s - q - 43, -s + j*q - 3 = r. Calculate the highest common factor of s and 108.
12
Suppose 115*r - 102*r - 1547 = 0. What is the greatest common factor of r and 493?
17
Let p(v) = -v**3 - 24*v**2 - 6. Let u be p(-24). Let w be -2 - (u + (-2 - -3)). Calculate the greatest common divisor of w and 3.
3
Suppose p - 5*p = 2*g + 60, 22 = -2*p + 3*g. Let a be (-1044)/p - 9/(-21). What is the greate